-8) - s/(-28) - -1106 prime?
True
Let t(u) = 29*u - 8 + 0*u - 13 - u**2 + 9*u. Is t(16) composite?
False
Suppose 1292*m - 1287*m = -4*u + 2393237, -2393222 = -4*u - 2*m. Is u composite?
False
Let b(w) = -w**2 + 418*w + 731. Is b(96) composite?
False
Suppose -583964 = -11*s + 7638. Is s prime?
False
Let l = -3685 - -6018. Is l prime?
True
Suppose -28*o - 13*o = -348541. Suppose 31*z + o = 32*z. Is z composite?
False
Suppose 31*x - 285 = 12*x. Suppose x*g = 335122 + 26873. Is g composite?
False
Suppose r + 502 - 17 = 0. Let q = 1898 + r. Is q + -17 - (-1 + (-3 - -1)) composite?
False
Suppose 2*u = 42*u - 7898120. Is u composite?
False
Let q be -5*((-192)/30 - 3). Let o(v) = 78*v + 235. Is o(q) a composite number?
True
Suppose 51 + 3 = 3*q. Suppose -4883 = q*b - 19*b. Let h = b - 2304. Is h a composite number?
False
Suppose -2*q = 2*z - 7*q - 31, 2*z + q - 1 = 0. Let o be (-15)/(-3) + z/(-3). Suppose o*h = 5*l + 4589, -5*h - 4*l + 0*l + 5767 = 0. Is h a prime number?
True
Let x be (-842)/(-20) - (-9)/(-90). Suppose -2*v - 42 + x = 0. Suppose 5*l + 8*h = 10*h + 15, v = -l + 4*h + 3. Is l a composite number?
False
Let a(i) = 22*i**2 - 36*i + 2. Let k(g) = -7*g**2 + 12*g - 1. Let w(y) = -5*a(y) - 16*k(y). Let u be w(5). Is ((-12)/(-16))/(u/(-752)) composite?
True
Suppose -3*n = 6, 80*l = 85*l - 2*n - 1966509. Is l composite?
False
Suppose -2*j = 4*y - 140714, 4*j - 66632 - 74088 = -4*y. Is y prime?
False
Is 121251/52*(-636)/(-9) a composite number?
True
Let k be (-315)/(-1)*36/14. Let y = -285 + k. Suppose -v + y = -226. Is v a prime number?
True
Let a be (-9)/25*-15 + (-4)/10. Suppose -5*r = a*f, 2*f - 3*r + r = 20. Suppose 7*u = f*u + 142. Is u prime?
True
Suppose 523*x = 525*x - 254894. Is x a composite number?
False
Is (124692/8)/(1*(-5)/50*-3) prime?
False
Suppose 34*s = 35*s + 4*h - 48653, 4*s + 4*h = 194600. Is s prime?
True
Let s(u) = 405*u**3 - 8*u**2 + 17*u - 13. Is s(5) prime?
True
Suppose -2*a - 3*r + 5447 = 0, 2*a + 5*r - 2734 = a. Suppose -2*m = -w - a, 11*m + w = 6*m + 6808. Is m composite?
False
Let h = -120700 + 234287. Is h composite?
True
Suppose 4*d + 18 = 2, 0 = a + 5*d - 1344. Suppose -6*u = -31*u + 20080 + 41195. Let m = u - a. Is m a composite number?
False
Let v(p) = -11*p**2 - 5*p + 1. Let k(n) = -n**3 + 12*n**2 + 6*n - 2. Let h(i) = -3*k(i) - 2*v(i). Let y = -25 + 36. Is h(y) composite?
True
Let l = 34 + -28. Suppose -24 = -l*u - 6*u. Is 0 + u - (2/1 - 211) a prime number?
True
Let j(q) = 212*q**3 - 48*q**2 + 3. Is j(7) composite?
True
Let y = 106 + -76. Let f be 462/y + 2/(-5). Suppose -4*m + 2*n = -1449 - 269, -f = 3*n. Is m composite?
True
Let d be -6*(3389/(-2) - 0). Suppose 2*a - q - d = 0, -5*a + 2*q + 2*q = -25410. Is a composite?
True
Let k be -156 + 4 - -11 - 10. Let l be 5748/16 + 6/8. Let s = k + l. Is s a composite number?
True
Let p(x) = 303*x**2 + 36*x - 328. Is p(39) composite?
True
Let z = -41 + 28. Let i(o) = 52*o - 6. Let v be i(z). Is 0 - v - (6 + -3) composite?
True
Let z(k) be the first derivative of k**4/4 + 41*k**3/3 - 7*k**2 - 13*k - 53. Is z(-30) a prime number?
False
Suppose 175*f = 85*f + 109*f + 76. Let h(k) be the third derivative of -k**6/12 - k**5/60 + 7*k**3/6 + k**2. Is h(f) a composite number?
False
Is (-2)/(-14)*(16 - -1240447) composite?
False
Let h = -29 + 35. Is 35548/h + 2 + (-33)/9 prime?
True
Let y = -300 + 297. Is 953/((y - -7)/4) a composite number?
False
Suppose -49205 + 170629 + 452206 = 6*w. Is w composite?
True
Suppose -198*i - 221614 = -200*i. Is i prime?
True
Let y be 2/(-10) - 4/(-20). Suppose y*h - 9246 = -4*g - 2*h, 0 = -5*g + 2*h + 11535. Is g prime?
True
Suppose -6713*d + 6755*d = 32225466. Is d composite?
True
Let f = -195 + 199. Suppose 5*v = 2*u - 4507, -5*u = -0*u + f*v - 11251. Is u prime?
True
Is (-4)/60 - (-5 - 14415843/45) composite?
True
Is (-3900015)/(-135) + (-24)/(-2) a prime number?
True
Let g(i) = 409*i**3 + 2*i**2 - 4*i + 2. Let p be ((-24)/18)/((-8)/6). Is g(p) a composite number?
False
Let k(p) = 2*p**3 - 2*p**2 - 2*p. Let j(w) = 11*w**3 - 20*w**2 - 27*w + 3. Let g(v) = -j(v) + 7*k(v). Let s = 18 + -13. Is g(s) a composite number?
False
Let m(z) = 3*z**2 - 39*z - 89. Let j = 532 - 557. Is m(j) prime?
False
Let b(o) = o**3 + 32*o**2 - 7*o + 153. Suppose 2*d = 4*f + 100, -4*f - 96 = -7*d + 3*d. Is b(f) a prime number?
True
Let a(o) = 141*o**2 - 26*o - 23. Is a(-12) composite?
False
Let j(l) = -33*l + 220. Let g be j(-27). Let f be 2/(-9) - 6692/18. Let c = f + g. Is c prime?
True
Let r be (0 - -5)*(-13)/(-13). Suppose r*k - 32725 = -2*p, -10*k + p - 13089 = -12*k. Is k composite?
False
Suppose 0 = -14*a + 191125 + 124682 + 267587. Is a prime?
False
Let u(o) = -3*o**2 - 7*o + 1. Let h be u(-2). Suppose -3*y + 2114 = -2*a - 4009, h = -a. Is y a composite number?
False
Let g be -98 + (-25)/9 + 2/(-9). Is g/22*-18698 - (-10)/55 prime?
False
Let q = 67992 - 1721. Is q composite?
False
Suppose 2*v - 252934 = -a, -5*a = -12*v + 9*v + 379401. Is v a composite number?
True
Let h(g) = 5179*g**2 + 140*g - 756. Is h(5) composite?
False
Let i be ((-45)/(-9) - (7 - 3)) + -1. Suppose 23594 = 2*x - 4*v, i = -2*x - 2*v + 5*v + 23590. Is x a prime number?
True
Suppose 0 = k + 6*k + 21. Let t(z) = -6*z - 11. Let d be t(k). Let x(h) = 4*h**3 - 10*h**2 + 16*h - 9. Is x(d) a prime number?
False
Let h = 72294 + -44465. Is h a prime number?
False
Let b(u) = -u**3 - 24*u + 76753. Is b(0) a prime number?
True
Let b be -16*(-1)/(-3)*3/(-24)*6. Let c be ((-1)/1)/((-1)/2). Is (4 - (-2220)/(b/c)) + -3 composite?
True
Suppose 0 = -20*w + 63 + 17. Suppose -w*k + 21787 = 1479. Is k composite?
False
Let w = -41206 - -66524. Let d = -10541 + w. Is d a composite number?
True
Let n(f) = 7*f - 104. Let q be n(16). Suppose 991 = -q*i + 11607. Is i a composite number?
False
Let p be -1 - (2 + (-5 - -2)). Suppose -4*x - z + 40241 = p, x - 1789 = -z + 8269. Is x a prime number?
True
Let f(a) = a**3 + 36*a**2 - 2*a - 69. Let c be f(-36). Suppose 0 = c*h + 17*k - 18*k - 4324, 5763 = 4*h + k. Is h prime?
False
Let z(t) = t**3 - 4*t**2 + 2*t - 8. Let n be z(4). Suppose -7*s = -21 - n. Suppose -d - 2801 = -4*b, -8 = -s*d + 1. Is b composite?
False
Is 506409 - ((-7 - (-5 - 1)) + -1 + -2) prime?
False
Let t(w) = -91*w**2 - 7*w - 30. Let g(q) = -181*q**2 - 13*q - 59. Let s(v) = 2*g(v) - 5*t(v). Let z be s(-5). Suppose 2962 + z = 9*f. Is f a composite number?
True
Suppose -11 = -k - m - 12, 0 = -3*k + m + 9. Suppose -f + 3433 = k*r - 7*r, r = -5*f + 17269. Is f a composite number?
True
Suppose 2*v + 0*v = 4. Suppose -z + 2*b + 3 - 1 = 0, v*b - 6 = -3*z. Is (-18508)/(-35) + z/10 a composite number?
True
Let h(j) = -1122*j + 161897. Is h(0) composite?
True
Let y(m) = 7*m**2 + 53*m + 35. Let k = 13 + 27. Is y(k) a composite number?
True
Let m(x) = 3*x**3 + 7*x**2 + 5*x - 2. Let j be m(-14). Let g be 1/(-2 + j/(-3468)). Is -3*(g/9 - 4) composite?
True
Let f(a) = 147*a**2 + 126*a + 806. Is f(35) prime?
True
Let i(t) = -t**2 - 8*t + 3. Let v be i(-8). Suppose v*p + 10 = 25. Suppose p*s + 763 = 4478. Is s composite?
False
Let w(o) be the second derivative of -o**5/10 + 2*o**4/3 - 3*o**3/2 - 19*o**2 - 25*o. Is w(-9) composite?
True
Let r(f) be the second derivative of f**4/12 + f**3/6 + f**2/2 + 39*f. Let h be r(-3). Suppose -h*w + w + 9534 = 0. Is w a prime number?
False
Let x = 41 + -41. Suppose x = 7*g - 4*g - 12. Suppose -45 = -g*v + 343. Is v prime?
True
Suppose 2*g = 12 - 2. Suppose -5*v + 0*v = -a + 2084, -4*a + g*v = -8381. Is a prime?
True
Suppose -x + 2*f + 3403 = 0, -113*x + 108*x = -5*f - 17015. Is x composite?
True
Let y(h) = 29*h**3 - h**2 + 18*h + 11. Let l be y(-5). Let r = -2026 - l. Is r a prime number?
False
Let u = 194 - 346. Let c be 2 - u - 20/5. Let k = c - -371. Is k a prime number?
True
Suppose 780914 = 73*v - 14*v - 1004957. Is v a prime number?
True
Suppose 6*p - p - 131 = o, 19 = p - 2*o. Is (p/36)/((-3)/(-14524)) a composite number?
False
Is -24829*(12/10 + 1/(35/(-77))) prime?
False
Let l(y) = -y**3 - y - 88. Let b be l(0). Let m(p) = 2*p**3 + 25*p**2 + 10*p - 19. Let f be m(-10). Let u = f + b. Is u a prime number?
True
Let w(c) = 5*c**2 - 27*c + 549. Is w(74) a composite number?
False
Let o(y) = 87*y**2 + 8 + 24*y**2 - 154*y + 166*y + 27. Is o(-10) prime?
False
Let z = 136911 